{"id":100,"date":"2017-04-07T06:38:32","date_gmt":"2017-04-07T04:38:32","guid":{"rendered":"https:\/\/poltermax.com\/\/?page_id=100"},"modified":"2022-05-23T11:42:58","modified_gmt":"2022-05-23T09:42:58","slug":"poltermax-tablet","status":"publish","type":"page","link":"https:\/\/poltermax.com\/index.php\/poltermax-tablet\/","title":{"rendered":"PolterMAX-Tablet"},"content":{"rendered":"<p>F\u00fcr mittlere und gro\u00dfe Holzmengen. Polteraufnahme und Ergebnisse direkt vor Ort, Daten\u00fcbergabe als PDF-Einzelpolterreport mit Polterdaten und Bild, als losweise Zusammenstellung mit Lageplan und\/oder per Schnittstelle an &nbsp;Holzhandels- und -logistiksoftware.<\/p>\n","protected":false},"excerpt":{"rendered":"<p>F\u00fcr mittlere und gro\u00dfe Holzmengen. Polteraufnahme und Ergebnisse direkt vor Ort, Daten\u00fcbergabe als PDF-Einzelpolterreport mit Polterdaten und Bild, als losweise Zusammenstellung mit Lageplan und\/oder per Schnittstelle an &nbsp;Holzhandels- und -logistiksoftware.<\/p>\n","protected":false},"author":1,"featured_media":155,"parent":0,"menu_order":0,"comment_status":"closed","ping_status":"closed","template":"","meta":{"footnotes":""},"class_list":["post-100","page","type-page","status-publish","has-post-thumbnail","hentry"],"yoast_head":"<!-- This site is optimized with the Yoast SEO plugin v24.4 - https:\/\/yoast.com\/wordpress\/plugins\/seo\/ -->\r\n<title>PolterMAX-Tablet - PolterMAX<\/title>\r\n<meta name=\"robots\" content=\"index, follow, max-snippet:-1, max-image-preview:large, max-video-preview:-1\" \/>\r\n<link rel=\"canonical\" href=\"https:\/\/poltermax.com\/index.php\/poltermax-tablet\/\" \/>\r\n<meta property=\"og:locale\" content=\"de_DE\" \/>\r\n<meta property=\"og:type\" content=\"article\" \/>\r\n<meta property=\"og:title\" content=\"PolterMAX-Tablet - PolterMAX\" \/>\r\n<meta property=\"og:description\" content=\"F\u00fcr mittlere und gro\u00dfe Holzmengen. Polteraufnahme und Ergebnisse direkt vor Ort, Daten\u00fcbergabe als PDF-Einzelpolterreport mit Polterdaten und Bild, als losweise Zusammenstellung mit Lageplan und\/oder per Schnittstelle an &nbsp;Holzhandels- und -logistiksoftware.\" \/>\r\n<meta property=\"og:url\" content=\"https:\/\/poltermax.com\/index.php\/poltermax-tablet\/\" \/>\r\n<meta property=\"og:site_name\" content=\"PolterMAX\" \/>\r\n<meta property=\"article:publisher\" content=\"https:\/\/www.facebook.com\/Polter-MAX-fotooptische-Holzvermessung-160493498005750\/9931759180?hl=de\" \/>\r\n<meta property=\"article:modified_time\" content=\"2022-05-23T09:42:58+00:00\" \/>\r\n<meta property=\"og:image\" content=\"https:\/\/poltermax.com\/wp-content\/uploads\/2017\/04\/poltermax-tablet-icon.jpg\" \/>\r\n\t<meta property=\"og:image:width\" content=\"370\" \/>\r\n\t<meta property=\"og:image:height\" content=\"155\" \/>\r\n\t<meta property=\"og:image:type\" content=\"image\/jpeg\" \/>\r\n<meta name=\"twitter:card\" content=\"summary_large_image\" \/>\r\n<meta name=\"twitter:label1\" content=\"Gesch\u00e4tzte Lesezeit\" \/>\n\t<meta name=\"twitter:data1\" content=\"1\u00a0Minute\" \/>\r\n<script type=\"application\/ld+json\" class=\"yoast-schema-graph\">{\"@context\":\"https:\/\/schema.org\",\"@graph\":[{\"@type\":\"WebPage\",\"@id\":\"https:\/\/poltermax.com\/index.php\/poltermax-tablet\/\",\"url\":\"https:\/\/poltermax.com\/index.php\/poltermax-tablet\/\",\"name\":\"PolterMAX-Tablet - PolterMAX\",\"isPartOf\":{\"@id\":\"https:\/\/poltermax.com\/#website\"},\"primaryImageOfPage\":{\"@id\":\"https:\/\/poltermax.com\/index.php\/poltermax-tablet\/#primaryimage\"},\"image\":{\"@id\":\"https:\/\/poltermax.com\/index.php\/poltermax-tablet\/#primaryimage\"},\"thumbnailUrl\":\"https:\/\/poltermax.com\/wp-content\/uploads\/2017\/04\/poltermax-tablet-icon.jpg\",\"datePublished\":\"2017-04-07T04:38:32+00:00\",\"dateModified\":\"2022-05-23T09:42:58+00:00\",\"breadcrumb\":{\"@id\":\"https:\/\/poltermax.com\/index.php\/poltermax-tablet\/#breadcrumb\"},\"inLanguage\":\"de\",\"potentialAction\":[{\"@type\":\"ReadAction\",\"target\":[\"https:\/\/poltermax.com\/index.php\/poltermax-tablet\/\"]}]},{\"@type\":\"ImageObject\",\"inLanguage\":\"de\",\"@id\":\"https:\/\/poltermax.com\/index.php\/poltermax-tablet\/#primaryimage\",\"url\":\"https:\/\/poltermax.com\/wp-content\/uploads\/2017\/04\/poltermax-tablet-icon.jpg\",\"contentUrl\":\"https:\/\/poltermax.com\/wp-content\/uploads\/2017\/04\/poltermax-tablet-icon.jpg\",\"width\":370,\"height\":155},{\"@type\":\"BreadcrumbList\",\"@id\":\"https:\/\/poltermax.com\/index.php\/poltermax-tablet\/#breadcrumb\",\"itemListElement\":[{\"@type\":\"ListItem\",\"position\":1,\"name\":\"Startseite\",\"item\":\"https:\/\/poltermax.com\/\"},{\"@type\":\"ListItem\",\"position\":2,\"name\":\"PolterMAX-Tablet\"}]},{\"@type\":\"WebSite\",\"@id\":\"https:\/\/poltermax.com\/#website\",\"url\":\"https:\/\/poltermax.com\/\",\"name\":\"PolterMAX\",\"description\":\"Fotooptische Holzmengenermittlung so individuell wie unsere Kunden\",\"publisher\":{\"@id\":\"https:\/\/poltermax.com\/#organization\"},\"potentialAction\":[{\"@type\":\"SearchAction\",\"target\":{\"@type\":\"EntryPoint\",\"urlTemplate\":\"https:\/\/poltermax.com\/?s={search_term_string}\"},\"query-input\":{\"@type\":\"PropertyValueSpecification\",\"valueRequired\":true,\"valueName\":\"search_term_string\"}}],\"inLanguage\":\"de\"},{\"@type\":\"Organization\",\"@id\":\"https:\/\/poltermax.com\/#organization\",\"name\":\"PolterMAX\",\"url\":\"https:\/\/poltermax.com\/\",\"logo\":{\"@type\":\"ImageObject\",\"inLanguage\":\"de\",\"@id\":\"https:\/\/poltermax.com\/#\/schema\/logo\/image\/\",\"url\":\"https:\/\/poltermax.com\/wp-content\/uploads\/2017\/04\/gid-pm.jpg\",\"contentUrl\":\"https:\/\/poltermax.com\/wp-content\/uploads\/2017\/04\/gid-pm.jpg\",\"width\":82,\"height\":75,\"caption\":\"PolterMAX\"},\"image\":{\"@id\":\"https:\/\/poltermax.com\/#\/schema\/logo\/image\/\"},\"sameAs\":[\"https:\/\/www.facebook.com\/Polter-MAX-fotooptische-Holzvermessung-160493498005750\/9931759180?hl=de\"]}]}<\/script>\r\n<!-- \/ Yoast SEO plugin. -->","yoast_head_json":{"title":"PolterMAX-Tablet - PolterMAX","robots":{"index":"index","follow":"follow","max-snippet":"max-snippet:-1","max-image-preview":"max-image-preview:large","max-video-preview":"max-video-preview:-1"},"canonical":"https:\/\/poltermax.com\/index.php\/poltermax-tablet\/","og_locale":"de_DE","og_type":"article","og_title":"PolterMAX-Tablet - PolterMAX","og_description":"F\u00fcr mittlere und gro\u00dfe Holzmengen. Polteraufnahme und Ergebnisse direkt vor Ort, Daten\u00fcbergabe als PDF-Einzelpolterreport mit Polterdaten und Bild, als losweise Zusammenstellung mit Lageplan und\/oder per Schnittstelle an &nbsp;Holzhandels- und -logistiksoftware.","og_url":"https:\/\/poltermax.com\/index.php\/poltermax-tablet\/","og_site_name":"PolterMAX","article_publisher":"https:\/\/www.facebook.com\/Polter-MAX-fotooptische-Holzvermessung-160493498005750\/9931759180?hl=de","article_modified_time":"2022-05-23T09:42:58+00:00","og_image":[{"width":370,"height":155,"url":"https:\/\/poltermax.com\/wp-content\/uploads\/2017\/04\/poltermax-tablet-icon.jpg","type":"image\/jpeg"}],"twitter_card":"summary_large_image","twitter_misc":{"Gesch\u00e4tzte Lesezeit":"1\u00a0Minute"},"schema":{"@context":"https:\/\/schema.org","@graph":[{"@type":"WebPage","@id":"https:\/\/poltermax.com\/index.php\/poltermax-tablet\/","url":"https:\/\/poltermax.com\/index.php\/poltermax-tablet\/","name":"PolterMAX-Tablet - PolterMAX","isPartOf":{"@id":"https:\/\/poltermax.com\/#website"},"primaryImageOfPage":{"@id":"https:\/\/poltermax.com\/index.php\/poltermax-tablet\/#primaryimage"},"image":{"@id":"https:\/\/poltermax.com\/index.php\/poltermax-tablet\/#primaryimage"},"thumbnailUrl":"https:\/\/poltermax.com\/wp-content\/uploads\/2017\/04\/poltermax-tablet-icon.jpg","datePublished":"2017-04-07T04:38:32+00:00","dateModified":"2022-05-23T09:42:58+00:00","breadcrumb":{"@id":"https:\/\/poltermax.com\/index.php\/poltermax-tablet\/#breadcrumb"},"inLanguage":"de","potentialAction":[{"@type":"ReadAction","target":["https:\/\/poltermax.com\/index.php\/poltermax-tablet\/"]}]},{"@type":"ImageObject","inLanguage":"de","@id":"https:\/\/poltermax.com\/index.php\/poltermax-tablet\/#primaryimage","url":"https:\/\/poltermax.com\/wp-content\/uploads\/2017\/04\/poltermax-tablet-icon.jpg","contentUrl":"https:\/\/poltermax.com\/wp-content\/uploads\/2017\/04\/poltermax-tablet-icon.jpg","width":370,"height":155},{"@type":"BreadcrumbList","@id":"https:\/\/poltermax.com\/index.php\/poltermax-tablet\/#breadcrumb","itemListElement":[{"@type":"ListItem","position":1,"name":"Startseite","item":"https:\/\/poltermax.com\/"},{"@type":"ListItem","position":2,"name":"PolterMAX-Tablet"}]},{"@type":"WebSite","@id":"https:\/\/poltermax.com\/#website","url":"https:\/\/poltermax.com\/","name":"PolterMAX","description":"Fotooptische Holzmengenermittlung so individuell wie unsere Kunden","publisher":{"@id":"https:\/\/poltermax.com\/#organization"},"potentialAction":[{"@type":"SearchAction","target":{"@type":"EntryPoint","urlTemplate":"https:\/\/poltermax.com\/?s={search_term_string}"},"query-input":{"@type":"PropertyValueSpecification","valueRequired":true,"valueName":"search_term_string"}}],"inLanguage":"de"},{"@type":"Organization","@id":"https:\/\/poltermax.com\/#organization","name":"PolterMAX","url":"https:\/\/poltermax.com\/","logo":{"@type":"ImageObject","inLanguage":"de","@id":"https:\/\/poltermax.com\/#\/schema\/logo\/image\/","url":"https:\/\/poltermax.com\/wp-content\/uploads\/2017\/04\/gid-pm.jpg","contentUrl":"https:\/\/poltermax.com\/wp-content\/uploads\/2017\/04\/gid-pm.jpg","width":82,"height":75,"caption":"PolterMAX"},"image":{"@id":"https:\/\/poltermax.com\/#\/schema\/logo\/image\/"},"sameAs":["https:\/\/www.facebook.com\/Polter-MAX-fotooptische-Holzvermessung-160493498005750\/9931759180?hl=de"]}]}},"_links":{"self":[{"href":"https:\/\/poltermax.com\/index.php\/wp-json\/wp\/v2\/pages\/100","targetHints":{"allow":["GET"]}}],"collection":[{"href":"https:\/\/poltermax.com\/index.php\/wp-json\/wp\/v2\/pages"}],"about":[{"href":"https:\/\/poltermax.com\/index.php\/wp-json\/wp\/v2\/types\/page"}],"author":[{"embeddable":true,"href":"https:\/\/poltermax.com\/index.php\/wp-json\/wp\/v2\/users\/1"}],"replies":[{"embeddable":true,"href":"https:\/\/poltermax.com\/index.php\/wp-json\/wp\/v2\/comments?post=100"}],"version-history":[{"count":1,"href":"https:\/\/poltermax.com\/index.php\/wp-json\/wp\/v2\/pages\/100\/revisions"}],"predecessor-version":[{"id":474,"href":"https:\/\/poltermax.com\/index.php\/wp-json\/wp\/v2\/pages\/100\/revisions\/474"}],"wp:featuredmedia":[{"embeddable":true,"href":"https:\/\/poltermax.com\/index.php\/wp-json\/wp\/v2\/media\/155"}],"wp:attachment":[{"href":"https:\/\/poltermax.com\/index.php\/wp-json\/wp\/v2\/media?parent=100"}],"curies":[{"name":"wp","href":"https:\/\/api.w.org\/{rel}","templated":true}]}}